base 4?
-312
Convert -2 (base 16) to base 15.
-2
-2 (base 15) to base 3
-2
-4 (base 12) to base 6
-4
30 (base 11) to base 12
29
What is -18 (base 10) in base 11?
-17
-10010 (base 3) to base 5
-314
What is 12 (base 3) in base 6?
5
What is -2133 (base 4) in base 13?
-c3
-82 (base 13) to base 2
-1101010
-61 (base 11) to base 2
-1000011
What is 0 (base 7) in base 11?
0
What is 544 (base 7) in base 11?
232
-86 (base 11) to base 14
-6a
What is 6b (base 13) in base 14?
65
What is 4 (base 7) in base 11?
4
What is -1 (base 7) in base 4?
-1
Convert -13 (base 7) to base 2.
-1010
Convert -3 (base 13) to base 8.
-3
What is -100 (base 2) in base 7?
-4
Convert -230 (base 11) to base 13.
-182
Convert -4 (base 10) to base 4.
-10
Convert 1 (base 7) to base 9.
1
b4 (base 14) to base 9
185
What is 1c (base 16) in base 13?
22
Convert 111 (base 2) to base 13.
7
Convert -101 (base 2) to base 10.
-5
Convert -102 (base 14) to base 6.
-530
Convert 24 (base 7) to base 9.
20
7 (base 10) to base 4
13
What is 2 (base 16) in base 14?
2
-8 (base 14) to base 9
-8
Convert 0 (base 10) to base 13.
0
-131 (base 8) to base 14
-65
-1b (base 16) to base 9
-30
What is 2 (base 12) in base 14?
2
-10 (base 2) to base 8
-2
-10 (base 4) to base 6
-4
6 (base 10) to base 3
20
What is b (base 14) in base 6?
15
Convert -1 (base 8) to base 9.
-1
What is -109 (base 10) in base 9?
-131
What is -233 (base 5) in base 14?
-4c
22 (base 6) to base 5
24
Convert -224 (base 10) to base 7.
-440
What is 100 (base 9) in base 16?
51
-3 (base 14) to base 13
-3
13 (base 7) to base 15
a
-100 (base 2) to base 15
-4
What is -16 (base 16) in base 7?
-31
-5 (base 10) to base 3
-12
10 (base 4) to base 5
4
9 (base 11) to base 6
13
Convert -10 (base 3) to base 16.
-3
Convert 11023 (base 4) to base 7.
652
What is 17 (base 11) in base 2?
10010
Convert 0 (base 4) to base 6.
0
What is b (base 16) in base 3?
102
Convert -43 (base 13) to base 14.
-3d
What is -24 (base 5) in base 13?
-11
What is -14 (base 14) in base 9?
-20
What is 86 (base 12) in base 16?
66
3 (base 5) to base 7
3
347 (base 11) to base 9
510
What is -2 (base 10) in base 15?
-2
-11 (base 3) to base 5
-4
What is -2 (base 12) in base 9?
-2
What is 10001001 (base 2) in base 16?
89
What is -62 (base 7) in base 14?
-32
What is -14 (base 12) in base 6?
-24
-3 (base 10) to base 15
-3
What is 1 (base 5) in base 6?
1
142 (base 11) to base 3
20012
114 (base 7) to base 3
2020
What is -4 (base 8) in base 13?
-4
0 (base 3) to base 5
0
What is -154 (base 6) in base 13?
-55
Convert -110 (base 2) to base 14.
-6
2 (base 5) to base 14
2
What is 1221 (base 3) in base 14?
3a
39 (base 12) to base 8
55
Convert 11 (base 2) to base 9.
3
What is 3b (base 13) in base 15?
35
-3 (base 16) to base 3
-10
Convert 230 (base 5) to base 2.
1000001
What is 9 (base 15) in base 3?
100
Convert 3 (base 9) to base 15.
3
What is -11 (base 2) in base 4?
-3
What is 32 (base 6) in base 13?
17
Convert -a0 (base 14) to base 13.
-aa
Convert -151 (base 15) to base 8.
-455
What is d (base 14) in base 11?
12
Convert 2 (base 5) to base 16.
2
3 (base 9) to base 12
3
What is -441 (base 5) in base 7?
-232
Convert -1042 (base 7) to base 11.
-30a
2123 (base 4) to base 9
182
-b (base 14) to base 11
-10
What is -22 (base 4) in base 15?
-a
Convert 10 (base 3) to base 6.
3
What is 3 (base 10) in base 5?
3
14 (base 7) to base 10
11
Convert -20 (base 6) to base 2.
-1100
Convert -7 (base 10) to base 16.
-7
What is -1 (base 15) in base 9?
-1
Convert 95 (base 10) to base 6.
235
2 (base 8) to base 7
2
103 (base 5) to base 16
1c
2 (base 16) to base 7
2
1 (base 11) to base 14
1
Convert 0 (base 6) to base 10.
0
0 (base 16) to base 2
0
7 (base 16) to base 10
7
Convert 7 (base 8) to base 14.
7
Convert 1 (base 10) to base 15.
1
-1 (base 2) to base 6
-1
What is -41 (base 16) in base 12?
-55
Convert 1a5 (base 11) to base 3.
22202
11 (base 4) to base 14
5
What is 3e (base 15) in base 16?
3b
1 (base 8) to base 7
1
-2 (base 15) to base 6
-2
122 (base 4) to base 2
11010
Convert 2 (base 4) to base 7.
2
521 (base 7) to base 6
1112
Convert 2 (base 16) to base 15.
2
e7 (base 15) to base 9
261
Convert 32 (base 5) to base 3.
122
Convert -9 (base 15) to base 8.
-11
Convert 6 (base 7) to base 9.
6
27 (base 15) to base 12
31
What is -1 (base 14) in base 9?
-1
Convert -4a (base 15) to base 9.
-77
72 (base 13) to base 2
1011101
Convert -23 (base 5) to base 4.
-31
Convert -74 (base 11) to base 14.
-5b
What is 20 (base 6) in base 9?
13
What is 3 (base 5) in base 3?
10
What is -2 (base 11) in base 6?
-2
What is 101010011 (base 2) in base 5?
2324
7d (base 14) to base 13
87
-20 (base 8) to base 11
-15
-4 (base 8) to base 4
-10
Convert 1 (base 8) to base 10.
1
-11 (base 9) to base 3
-101
-9 (base 15) to base 16
-9
Convert 1013 (base 5) to base 2.
10000101
Convert b (base 14) to base 16.
b
What is -1003 (base 5) in base 7?
-242
What is 0 (base 6) in base 12?
0
What is 8 (base 9) in base 14?
8
-36 (base 11) to base 4
-213
What is -4 (base 8) in base 7?
-4
-24 (base 13) to base 2
-11110
Convert 9 (base 10) to base 15.
9
What is -d (base 16) in base 12?
-11
What is -12 (base 13) in base 9?
-16
What is -d1 (base 14) in base 8?
-267
-6 (base 7) to base 3
-20
What is a (base 15) in base 10?
10
-25 (base 13) to base 6
-51
What is 230 (base 6) in base 16?
5a
Convert -22 (base 9) to base 7.
-26
What is 331 (base 11) in base 8?
615
Convert 0 (base 4) to base 12.
0
446 (base 7) to base 16
e6
Convert 53 (base 15) to base 12.
66
-111 (base 2) to base 8
-7
What is 201 (base 4) in base 5?
113
Convert 150 (base 9) to base 10.
126
Convert 10222 (base 3) to base 7.
212
What is 83 (base 16) in base 4?
2003
What is 24 (base 10) in base 11?
22
Convert -10 (base 4) to base 12.
-4
What is -5 (base 8) in base 3?
-12
10 (base 5) to base 13
5
What is 10 (base 7) in base 8?
7
-1 (base 12) to base 6
-1
Convert 3 (base 13) to base 7.
3
1 (base 3) to base 2
1
What is -624 (base 8) in base 7?
-1115
-8 (base 12) to base 8
-10
Convert -10 (base 7) to base 4.
-13
-5 (base 8) to base 11
-5
Convert 228 (base 11) to base 14.
156
What is 2 (base 4) in base 15?
2
0 (base 9) to base 13
0
-2 (base 11) to base 2
-10
What is 311 (base 5) in base 4?
1101
Convert -31 (base 8) to base 11.
-23
-140 (base 12) to base 3
-21010
Convert 1 (base 3) to base 11.
1
What is -a (base 13) in base 7?
-13
What is 1 (base 13) in base 5?
1
Convert 2 (base 8) to base 12.
2
Convert -76 (base 14) to base 11.
-95
-103 (base 7) to base 4
-310
What is -1 (base 12) in base 14?
-1
Convert -3 (base 11) to base 14.
-3
What is 1 (base 14) in base 2?
1
-231 (base 4) to base 16
-2d
What is -203 (base 4) in base 6?
-55
What is 4 (base 8) in base 2?
100
Convert -10100 (base 3) to base 2.
-1011010
6 (base 11) to base 9
6
Convert -3a (base 11) to base 10.
-43
What is 25 (base 11) in base 14?
1d
100 (base 5) to base 11
23
Convert -3 (base 12) to base 7.
-3
What is 220 (base 4) in base 10?
40
What is -2c (base 16) in base 4?
-230
-254 (base 7) to base 3
-12002
Convert -22 (base 4) to base 16.
-a
-141 (base 6) to base 16
-3d
Convert -1010000 (base 2) to base 15.
-55
What is -3 (base 5) in base 10?
-3
Convert 2 (base 8) to base 9.
2
3 (base 14) to base 13
3
Convert -2 (base 15) to base 5.
-2
What is -213 (base 9) in base 16?
-ae
Convert -53 (base 8) to base 13.
-34
Convert 3 (base 14) to base 2.
11
Convert 24 (base 5) to base 6.
22
What is -121 (base 3) in base 14?
-12
Convert 0 (base 3) to base 6.
0
-3 (base 12) to base 9
-3
Convert -10 (base 4) to base 13.
-4
What is 7 (base 10) in base 8?
7
56 (base 12) to base 8
102
What is 5 (base 6) in base 11?
5
Convert -7 (base 8) to base 2.
-111
Convert -2 (base 9) to base 14.
-2
Convert -35 (base 6) to base 15.
-18
0 (base 6) to base 11
0
Convert 3 (base 12) to base 15.
3
What is -102 (base 3) in base 14?
-b
Convert -79 (base 12) to base 8.
-135
Convert -2a (base 16) to base 10.
-42
What is 22 (base 8) in base 13?
15
Convert 83 (base 9) to base 5.
300
What is -332 (base 4) in base 5?
-222
Convert 13 (base 12) to base 2.
1111
9f (base 16) to base 15
a9
What is 340 (base 5) in base 12?
7b
33 (base 14) to base 13
36
Convert -1022 (base 5) to base 4.
-2021
Convert 30 (base 5) to base 9.
16
8 (base 13) to base 5
13
What is 1b2 (base 14) in base 2?
101100000
0 (base 14) to base 2
0
Convert 